at is (-4 - -16) + 20 + -23?
9
What is the value of 7 + -4 - (8 - 10 - -6)?
-1
What is the value of (483 - 456) + (-1 - 30)?
-4
Evaluate -6 - ((0 - -1) + 11 + (-5 - 1)).
-12
Evaluate 0 + -32 + 17 + 19.
4
What is the value of 10 - (15 - (-14 + 18))?
-1
(16 + -1 - 0) + (1563 - 1596)
-18
(33 - (-34 + 67)) + -1
-1
4 - ((9 - 1) + -13 - -10)
-1
(-2 - (-2 + 0)) + 11 + 14
25
What is the value of 12 + (136 - 140) + (-2 + 1 - -1)?
8
What is the value of (30 - 15 - 21) + (2 - -1) + -8?
-11
Calculate (-3 - 6 - -7) + -7 + -2.
-11
Evaluate -4 + 17 + 1 + -11 + 2.
5
(-7 - 2) + -90 + 106 + -1
6
What is the value of 27 - 2 - (11 - -1) - -26?
39
Calculate 6 + -10 + (18 - (2 - 0)) + -4.
8
What is the value of (-7 - -3 - (1 - 1)) + -4?
-8
What is (10 - (0 + 6)) + 2 + (14 - 38)?
-18
What is the value of -6 - (3 + (-1 + 10 - 24))?
6
(1 - (2 - 28)) + 1 + 1
29
6 + (7 - (0 - -13) - (2 - 0))
-2
(-4 - 2) + (19 - 0 - 5)
8
What is the value of -1 + 11 + 2 + (11 - 16) - 0?
7
Evaluate (9 + 5 - 24) + -3.
-13
Evaluate -8 - (-12 + -29 + 11).
22
(-1 - 1) + -5 + 0 + 50 + -47
-4
Calculate -3 + 2 - (376 - 373).
-4
What is -10 + (-7 - 9 - -27)?
1
What is 48 - 0 - (331 - 307)?
24
Evaluate (-2 - (8 - 5)) + 7 + (-2 - -21).
21
Calculate -4 + -9 + (6 - -9) + 9.
11
What is the value of -2 - (2 + 9) - (19 + -15)?
-17
Evaluate 1 + -6 - (11 + -16) - -6 - -7.
13
Calculate (24 - 9) + -9 - 9.
-3
Evaluate (4 - 2 - 14) + (-235 - -239).
-8
Calculate 5 - -40 - (-5 + 31).
19
Evaluate 2 + (2 - -7) + 144 + -128.
27
What is the value of -8 - (-1 + -2 + 16 - (14 + -8))?
-15
What is the value of -2 + (-6 - -1 - 0) + (0 - 1)?
-8
What is (1 - -9) + (98 - 106)?
2
What is the value of -2 + 2 + (9 - (16 - 6))?
-1
5 + (-34 - -54 - (3 - 2))
24
Evaluate 5 + (-4 - 7 - -33).
27
What is the value of -32 - (-14 - 17 - -12)?
-13
What is -13 - (-1 + -1 - (21 + 21 + -47))?
-16
19 + (-4 - 15) - -20
20
What is the value of 6 + -3 - ((-4 - (3 + -5)) + 7)?
-2
Evaluate 6 - ((31 - 16) + -10).
1
Evaluate (-18 - -21) + 1 + (-7 - 2) + 17.
12
-6 + 8 + -12 + -7 + -16
-33
What is 10 - (28 - (3 + 30))?
15
Calculate -3 - (7 + -17 - 2).
9
Calculate (0 - 1) + (-9 - (-2 + 11 + -12)).
-7
Evaluate 3 - (5 - (-7 - (0 + -7) - -4)).
2
Calculate 2 + ((-6 - 1) + 3 - -1) - -11.
10
Evaluate 0 + -4 - (0 + (-7 - -10)).
-7
Evaluate 4 + (-18 + 22 - 18).
-10
What is -8 + 4 + 11 + 0?
7
Evaluate (2 - 7) + (2 - -8) + 12.
17
What is 78 + -86 - (1 + -4 + -23)?
18
Calculate 1 - 1 - (3 + 12 - (-20 + 36)).
1
Calculate 2 - 4 - (-263 - -264).
-3
What is the value of 16 + 15 + -14 + (2 - 12) + 3?
10
Calculate 31 + (-15 - 39) + 26.
3
89 + -93 + (-2 - -14) + -1
7
Evaluate (26 - 14) + -47 - -14.
-21
What is 1 + 9 + (73 - 82)?
1
Calculate 2 + 7 + -9 - (-2 + -8).
10
What is the value of -7 - (-14 + -6 + (-2 - 3) + 4)?
14
Evaluate (-57 + 39 - (-2 - 7)) + -6 - 4.
-19
(14 - -1) + -6 + (-38 - -50)
21
What is the value of 1 - (18 - (8 + (-2 - 3) + 7))?
-7
Evaluate -8 - (7 + -8 - 8 - (-8 - 17)).
-24
What is the value of -18 - (22 + -1 + (3 - 22))?
-20
Evaluate -10 + 3 - -10 - (0 + 5).
-2
Evaluate -11 + 0 - (36 + -10 - 47).
10
221 + -238 + 20 + 0
3
What is the value of 7 - (5 + 6 + -7 + 1 + 3)?
-1
Calculate 6 - (7 - (46 - 34)).
11
18 + (9 - 4) - 31
-8
What is -9 - (0 - (-2 + 1 + 2 + -1))?
-9
18 + -25 - (-16 + 37)
-28
Calculate 1 + 8 - (-43 - -48 - -14).
-10
12 + -25 + 10 + -4
-7
Calculate 1 - -6 - (140 - 121).
-12
What is the value of 2 - -2 - 2 - (17 - (0 + 3))?
-12
Calculate 3 + -8 + (88 - 78) + 17.
22
(-3 - (-10 + -3 + 5 + -3)) + 1
9
Evaluate -5 - ((13 - 5 - (2 + 36)) + 4).
21
Evaluate (-49 - -43) + -1 + 1 + -9 + 3.
-12
36 - (-3 - (2 - 15))
26
Calculate -20 - -47 - (-14 + 40 + -11).
12
Calculate (-9 - (-1 - (1 + -1))) + (-14 - -12).
-10
Evaluate -22 + 2 + 3 - (-8 + 8 - 6).
-11
What is the value of -5 - (4 + (32 - 23))?
-18
What is -16 + -6 + 4 + (-2 - (-3 - -4))?
-21
19 + (-21 - (19 + -31 - -21))
-11
34 + 37 - 79 - (1 - (20 + 0))
11
What is the value of -19 + -5 + 18 + -1 + 2?
-5
-42 + 55 - (-7 + (-2 + 2 - -2))
18
What is 26 + -27 - (13 + 2) - -10?
-6
Evaluate (4 - (-8 - (-5 + -4))) + 1 - -2.
6
What is (10 + (-14 - -4) - (-7 + 12)) + -11?
-16
(649 - 660) + (-12 - (-1 + 0))
-22
-28 - (-4 + -16 - -10)
-18
Calculate 31 - -17 - 15 - 30.
3
What is the value of 3 - (2 + -13 - (33 + -39))?
8
(-16 - 1) + -364 + 397
16
What is the value of 4 + -2 - (74 + -64)?
-8
-5 + 1 + -4 - (0 - 7)
-1
-15 - (15 - 14) - -7
-9
Evaluate 26 + (-29 - -30 - (2 - -5)) + 2.
22
42 - (36 - (-17 - -34))
23
What is the value of -20 + (-7 + -9 - -44)?
8
Evaluate 14 + 1 - (2 + (27 - 11)).
-3
What is the value of -9 - -15 - (73 - 46)?
-21
34 + 16 + (-60 - -27)
17
Evaluate 2 - 0 - (-10 - -9) - (20 - 13).
-4
What is -8 - -1 - 2 - (-26 + -25 + 72)?
-30
(0 - -2) + (-5 - (-8 + -6))
11
Calculate -27 + -10 + 8 + 9.
-20
What is -5 + (-32 + 27 + -10 - -38)?
18
Calculate -6 - (-17 - -3) - (-1 + 0 - 4).
13
What is the value of 845 + -845 - (-25 - -1)?
24
What is the value of (9 - (1 - -8)) + -5 + 16?
11
(-28 - -44) + (-13 - -3)
6
What is the value of -3 + 1 + (-16 - -7) - (-9 - 9)?
7
(4 - (-1 - (1 - 5))) + (-36 - -31)
-4
-18 - (-3 - (-16 + 5 - -23))
-3
Calculate 22 + -9 - (4 + -1).
10
What is 25 - (18 + -6 + 4)?
9
What is -16 + (-1 - -2) + -57 + (130 - 68)?
-10
Calculate -15 - (37 + -46 + -34).
28
Calculate (-1 - 50) + 20 - -7.
-24
14 + 3 - (8 + -25 + 55)
-21
Calculate -4 + -7 - (-3 - 24).
16
Calculate 13 - (14 + 21) - -6.
-16
Calculate -22 - 0 - 15 - -8.
-29
What is (33 - 7) + (-17 - -10) + 4 + -1?
22
Calculate (16 + -12 - -16) + -15.
5
Evaluate (-3 - (-30 - 5 - -6)) + -10 + 0.
16
What is -4 + 3 - -4 - 6 - (10 + -1)?
-12
Calculate -16 + -9 + (12 - 12 - (-1 - 5)).
-19
Calculate 4 + -14 - (2 + 8 + -7).
-13
What is -26 - (-15 + -4) - -11?
4
Evaluate -2 + 6 + 3 + 3 + -7.
3
Calculate -76 + 83 - (-6 + 2).
11
Evaluate 26 - ((-1 - -16) + -1).
12
Calculate -3 - (12 + -12 + 2) - -32 - 8.
19
Calculate (1 - 2 - 1) + -5 - (-5 - 1).
-1
What is the value of 4 + 10 + -6 - -2?
10
12 - ((-2 - (-7 - -5)) + -16)
28
Evaluate 3 + (-2 - (6 + -4 + -5)).
4
What is the value of -3 - (-3 - (-6 - -5)) - (-7 - -4)?
2
0 + (-9 - -4 - (2 - 3)) + 2
-2
What is the value of -1 + -6 + 19 + 26 + -42?
-4
Evaluate -9 - 9 - (-14 + -12).
8
What is the value of 36 - 22 - (0 + 12) - 8?
-6
Calculate (39 - 74) + 42 + (0 - 0) + -33.
-26
Evaluate -12 + 9 - (2 + 1 + 2).
-8
What is -6 + (-4 + 5 - -7) - -7?
9
What is the value of -3 - (4 + -1 + 7 - 10)?
-3
Evaluate -4 - (9 + (-9 - 12)).
8
12 - (-12 + (9 + -9 - -3) - -12)
9
Calculate -2 - ((-1 - -2) + -3) - (23 + -8).
-15
What is the value of (3 - 26) + 31 + (-2 - 4)?
2
(2 - ((5 - 1) + (-3 - -4))) + 4
1
Calculate (10 - -14) + -15 + (-2 - 22).
-15
What is the value of -14 - (-8 - 0 - ((31 - 38) + -11))?
-24
Evaluate (-1 - (-19 + 1)) + -14.
3
What is (-1 - 5) + (13 - -3 - 6) - 7?
-3
What is 2 + 10 - (-112 + 108) - 2?
14
-72 + 61 - (4 + (-4 - -2))
-13
-178 + 197 - (2 - -10)
7
Evaluate -7 - -34 - (78 - 84).
33
What is (15 - (52 - 17)) + 11?
-9
-6 + 15 - ((11 - 15) + (1 - -7))
5
(14 + 16 - 7) + -3
20
What is the value of -5 - -22 - (39 - 31) - (-1 + -10)?
20
Calculate 2 - (2 + -8) - -2.
10
What is the value of -2 - (30 + (-5 - 12))?
-15
Calculate 2 + (3 - (-12 - (-1 + 3 - 10))).
9
What is -1 + (5 + 9 - 4 - 4)?
5
What is ((12 - 3) + -5 - 12) + (32 - 1)?
23
Calculate -11 + 9 + 16 - 22.
-8
-1 + 24 + 6 + -9
20
What is -7 + -8 - -8 - 8?
-15
Evaluate 14 + -21 + 11 + 1 + -4.
1
What is (14 - (-4 - 4)) + -12?
10
Calculate -1 - -3 - 3 - (53 + -59).
5
-7 - ((2 - -7) + -27 + 7)
4
What is -12 - (-3 + (-4 - -6) + 6)?
-17
(27 - 41 - -20) + -2
4
What is 39 - ((3 - (9 + -12) - 8) + 10)?
31
What is (0 - 3) + (-3 + 4 - (-14 + 8))?
4
What is the value of 2 + (-1 + (2 - -2) - (2 - 2))?
5
What is (15 - 6) + (-3 - -3) + -9?
0
What is the value of 49 - 39 - (-2 + 14) - -10?
8
What is (-1 - (6 + 17 + (-18 - -10))) + -4?
-20
(8 - (8 + -12)) + 5 - (5 - 1)
13
What is 17 + -2 + -2 - (-4 - (2 - 11))?
8
Evaluate 7 + -18 + 21 + (24 - 1) + -2.
31
Evaluate 7 - (0 + 1 + (1 - (3 - 9))).
-1
What is the value of -31 + (-9 - -3) - (62 + -73)?
-26
Calculate -387 + 399 - (21 - -1).
-10
What is -15 + 22 + -11 + (0 - -5) + -3?
-2
Evaluate -1 - -5 - (1 + 12) - (-10 + 7).
-6
Calculate (-2 - 0) + (-4 - -11) - (96 - 97).
6
What is 3 - ((25 - 17) + 3)?
-8
What is 